{"id":302,"date":"2021-01-08T14:07:10","date_gmt":"2021-01-08T13:07:10","guid":{"rendered":"https:\/\/kljuci-cena.si\/kljuci\/?page_id=302"},"modified":"2021-01-11T13:46:12","modified_gmt":"2021-01-11T12:46:12","slug":"sistemi-generalnega-kljuca-sistemi-psm","status":"publish","type":"page","link":"https:\/\/kljuci-cena.si\/kljuci\/sistemi-generalnega-kljuca-sistemi-psm\/","title":{"rendered":"Sistemi generalnega klju\u010da &#8211; Sistemi PSM"},"content":{"rendered":"\n<h1 class=\"wp-block-heading\">Sistemi generalnega klju\u010da &#8211; Sistemi PSM<\/h1>\n\n\n\n<blockquote class=\"wp-block-quote is-style-large is-layout-flow wp-block-quote-is-layout-flow\"><p>V preko<strong> 26-letih<\/strong> delovanja smo opremili \u017ee ve\u010d kot <strong>100 slovenskih vrat<\/strong> z na\u0161imi sistemi generalnega klju\u010da.&nbsp;\u010ce si ga \u017eelite tudi vi je vse kar morate storiti to, da nas pokli\u010dete na <br><strong>031 681 074.<\/strong><\/p><\/blockquote>\n\n\n\n<p>Sistem PSM je primeren za poslovne, stanovanjske in institucionalne objekte, s preprostim ali srednje-zahtevnim re\u017eimom zaklepanja. Svojim uporabnikom nudi tudi za\u0161\u010dito proti ne-poobla\u0161\u010denemu kopiranju klju\u010dev in sicer najmanj do leta 2029.<\/p>\n\n\n\n<figure class=\"wp-block-image size-medium\"><img fetchpriority=\"high\" decoding=\"async\" width=\"300\" height=\"298\" src=\"https:\/\/kljuci-cena.si\/kljuci\/wp-content\/uploads\/2021\/01\/sistempsm-300x298.jpeg\" alt=\"\" class=\"wp-image-305\" srcset=\"https:\/\/kljuci-cena.si\/kljuci\/wp-content\/uploads\/2021\/01\/sistempsm-300x298.jpeg 300w, https:\/\/kljuci-cena.si\/kljuci\/wp-content\/uploads\/2021\/01\/sistempsm-150x150.jpeg 150w, https:\/\/kljuci-cena.si\/kljuci\/wp-content\/uploads\/2021\/01\/sistempsm-768x762.jpeg 768w, https:\/\/kljuci-cena.si\/kljuci\/wp-content\/uploads\/2021\/01\/sistempsm-24x24.jpeg 24w, https:\/\/kljuci-cena.si\/kljuci\/wp-content\/uploads\/2021\/01\/sistempsm-36x36.jpeg 36w, https:\/\/kljuci-cena.si\/kljuci\/wp-content\/uploads\/2021\/01\/sistempsm-48x48.jpeg 48w, https:\/\/kljuci-cena.si\/kljuci\/wp-content\/uploads\/2021\/01\/sistempsm.jpeg 822w\" sizes=\"(max-width: 300px) 100vw, 300px\" \/><\/figure>\n\n\n\n<div class=\"wp-block-columns is-layout-flex wp-container-core-columns-is-layout-9d6595d7 wp-block-columns-is-layout-flex\">\n<div class=\"wp-block-column is-layout-flow wp-block-column-is-layout-flow\" style=\"flex-basis:100%\">\n<div class=\"wp-block-columns is-layout-flex wp-container-core-columns-is-layout-9d6595d7 wp-block-columns-is-layout-flex\">\n<div class=\"wp-block-column is-layout-flow wp-block-column-is-layout-flow\" style=\"flex-basis:100%\">\n<h2 class=\"wp-block-heading\">5 letna garancija in 24-urni servis<\/h2>\n\n\n\n<div class=\"wp-block-columns is-layout-flex wp-container-core-columns-is-layout-9d6595d7 wp-block-columns-is-layout-flex\">\n<div class=\"wp-block-column is-layout-flow wp-block-column-is-layout-flow\">\n<p>Z vami smo ne samo ob nakupu sistema ampak tudi po tem. V primeru, da izgubite klju\u010d ali da pride do kaker\u0161nekoli situacije, da ne morete vstopiti v va\u0161 objekt nas vedno lahko pokli\u010dete na de\u017eurno \u0161tevilko.<\/p>\n<\/div>\n\n\n\n<div class=\"wp-block-column is-layout-flow wp-block-column-is-layout-flow\">\n<figure class=\"wp-block-image size-large\"><img decoding=\"async\" width=\"1024\" height=\"1024\" src=\"https:\/\/kljuci-cena.si\/kljuci\/wp-content\/uploads\/2021\/01\/5garancija-1024x1024.jpg\" alt=\"\" class=\"wp-image-310\" srcset=\"https:\/\/kljuci-cena.si\/kljuci\/wp-content\/uploads\/2021\/01\/5garancija-1024x1024.jpg 1024w, https:\/\/kljuci-cena.si\/kljuci\/wp-content\/uploads\/2021\/01\/5garancija-300x300.jpg 300w, https:\/\/kljuci-cena.si\/kljuci\/wp-content\/uploads\/2021\/01\/5garancija-150x150.jpg 150w, https:\/\/kljuci-cena.si\/kljuci\/wp-content\/uploads\/2021\/01\/5garancija-768x768.jpg 768w, https:\/\/kljuci-cena.si\/kljuci\/wp-content\/uploads\/2021\/01\/5garancija-24x24.jpg 24w, https:\/\/kljuci-cena.si\/kljuci\/wp-content\/uploads\/2021\/01\/5garancija-36x36.jpg 36w, https:\/\/kljuci-cena.si\/kljuci\/wp-content\/uploads\/2021\/01\/5garancija-48x48.jpg 48w, https:\/\/kljuci-cena.si\/kljuci\/wp-content\/uploads\/2021\/01\/5garancija.jpg 1120w\" sizes=\"(max-width: 1024px) 100vw, 1024px\" \/><\/figure>\n<\/div>\n<\/div>\n<\/div>\n<\/div>\n<\/div>\n<\/div>\n\n\n\n<h2 class=\"wp-block-heading\">Reference<\/h2>\n\n\n\n<ul class=\"wp-block-list\"><li>Zdravstveni dom Jesenice, <\/li><li>Zavod za \u0161port Jesenice, <\/li><li>Center za socialno delo Jesenice, <\/li><li>\u017di\u010dnice Kranjska Gora, <\/li><li>Jeko d.o.o. Jesenice, <\/li><li>Komunala Kranjska Gora, <\/li><li>\u017di\u010dnice Vogel Bohinj, &#8230;. itd.<\/li><\/ul>\n","protected":false},"excerpt":{"rendered":"<p>Sistemi generalnega klju\u010da &#8211; Sistemi PSM V preko 26-letih delovanja smo opremili \u017ee ve\u010d kot 100 slovenskih vrat z na\u0161imi sistemi generalnega klju\u010da.&nbsp;\u010ce si ga&hellip;<\/p>\n","protected":false},"author":1,"featured_media":270,"parent":0,"menu_order":0,"comment_status":"closed","ping_status":"closed","template":"","meta":{"footnotes":""},"class_list":["post-302","page","type-page","status-publish","has-post-thumbnail","hentry"],"_links":{"self":[{"href":"https:\/\/kljuci-cena.si\/kljuci\/wp-json\/wp\/v2\/pages\/302","targetHints":{"allow":["GET"]}}],"collection":[{"href":"https:\/\/kljuci-cena.si\/kljuci\/wp-json\/wp\/v2\/pages"}],"about":[{"href":"https:\/\/kljuci-cena.si\/kljuci\/wp-json\/wp\/v2\/types\/page"}],"author":[{"embeddable":true,"href":"https:\/\/kljuci-cena.si\/kljuci\/wp-json\/wp\/v2\/users\/1"}],"replies":[{"embeddable":true,"href":"https:\/\/kljuci-cena.si\/kljuci\/wp-json\/wp\/v2\/comments?post=302"}],"version-history":[{"count":7,"href":"https:\/\/kljuci-cena.si\/kljuci\/wp-json\/wp\/v2\/pages\/302\/revisions"}],"predecessor-version":[{"id":406,"href":"https:\/\/kljuci-cena.si\/kljuci\/wp-json\/wp\/v2\/pages\/302\/revisions\/406"}],"wp:featuredmedia":[{"embeddable":true,"href":"https:\/\/kljuci-cena.si\/kljuci\/wp-json\/wp\/v2\/media\/270"}],"wp:attachment":[{"href":"https:\/\/kljuci-cena.si\/kljuci\/wp-json\/wp\/v2\/media?parent=302"}],"curies":[{"name":"wp","href":"https:\/\/api.w.org\/{rel}","templated":true}]}}