{"id":341,"date":"2021-01-08T15:10:29","date_gmt":"2021-01-08T14:10:29","guid":{"rendered":"https:\/\/kljuci-cena.si\/kljuci\/?page_id=341"},"modified":"2021-01-08T15:25:12","modified_gmt":"2021-01-08T14:25:12","slug":"keso-mehanski-sistemi-zaklepanja","status":"publish","type":"page","link":"https:\/\/kljuci-cena.si\/kljuci\/keso-mehanski-sistemi-zaklepanja\/","title":{"rendered":"KESO Mehanski sistemi zaklepanja"},"content":{"rendered":"\n<h1 class=\"wp-block-heading\">KESO Mehanski sistemi zaklepanja<\/h1>\n\n\n\n<h2 class=\"wp-block-heading\">KESO 8000S\u03a9<sup>2<\/sup><\/h2>\n\n\n\n<p>Kot \u0161vicarska ura je KESO 8000 \u03a92 cilinder izdelan kar najbolj natan\u010dno in kakovostno. Na ta na\u010din zagotavlja najvi\u0161jo stopnjo za\u0161\u010dite proti vlomu ter zanesljivo uporabo.<\/p>\n\n\n\n<pre class=\"wp-block-verse\"><strong>En klju\u010d odpira vsa vrata.<\/strong><\/pre>\n\n\n\n<blockquote class=\"wp-block-quote is-style-large is-layout-flow wp-block-quote-is-layout-flow\"><p>\u0160vicarska tradicija, svetovni uspeh<\/p><\/blockquote>\n\n\n\n<p>Z ve\u010d kot 400 patenti in poslovnimi partnerji v 25 dr\u017eavah <strong>KESO \u017ee od leta 1963 potrjuje svojo inovativnost in kompetence<\/strong>. KESO cilindri so za\u0161\u010diteni po vsem svetu. Proizvedeni so v Richterswilu, ob z\u00fcri\u0161kem jezeru, uvr\u0161\u010dajo pa se med najvarnej\u0161e in najbolj\u0161e izdelke na podro\u010dju celostnih sistemov zaklepanja.<\/p>\n\n\n\n<p>Na\u0161a filozofija \u2013 <strong>en klju\u010d odpira vsa vrata<\/strong> \u2013 vam ne pomaga le poenostaviti vsakdan, temve\u010d vam omogo\u010da tudi popoln nadzor nad tem, kak\u0161na pooblastila ima posamezen lastnik klju\u010da in katera vrata lahko odpira. <strong>S KESO sistemom si zagotovite ob\u010dutek varnosti in svobode.<\/strong><\/p>\n\n\n\n<p>Kot \u0161vicarska ura je <strong>KESO 8000 \u03a92 cilinder izdelan kar najbolj natan\u010dno in kakovostno<\/strong>. Na ta na\u010din zagotavlja najvi\u0161jo stopnjo za\u0161\u010dite proti vlomu ter zanesljivo uporabo.<\/p>\n\n\n\n<div class=\"wp-block-columns is-layout-flex wp-container-core-columns-is-layout-9d6595d7 wp-block-columns-is-layout-flex\">\n<div class=\"wp-block-column is-layout-flow wp-block-column-is-layout-flow\">\n<figure class=\"wp-block-image size-large\"><img fetchpriority=\"high\" decoding=\"async\" width=\"360\" height=\"360\" src=\"https:\/\/kljuci-cena.si\/kljuci\/wp-content\/uploads\/2021\/01\/keso-8000-s-splosne-informacije.jpg\" alt=\"\" class=\"wp-image-354\" srcset=\"https:\/\/kljuci-cena.si\/kljuci\/wp-content\/uploads\/2021\/01\/keso-8000-s-splosne-informacije.jpg 360w, https:\/\/kljuci-cena.si\/kljuci\/wp-content\/uploads\/2021\/01\/keso-8000-s-splosne-informacije-300x300.jpg 300w, https:\/\/kljuci-cena.si\/kljuci\/wp-content\/uploads\/2021\/01\/keso-8000-s-splosne-informacije-150x150.jpg 150w, https:\/\/kljuci-cena.si\/kljuci\/wp-content\/uploads\/2021\/01\/keso-8000-s-splosne-informacije-24x24.jpg 24w, https:\/\/kljuci-cena.si\/kljuci\/wp-content\/uploads\/2021\/01\/keso-8000-s-splosne-informacije-36x36.jpg 36w, https:\/\/kljuci-cena.si\/kljuci\/wp-content\/uploads\/2021\/01\/keso-8000-s-splosne-informacije-48x48.jpg 48w\" sizes=\"(max-width: 360px) 100vw, 360px\" \/><\/figure>\n\n\n\n<p><strong>Splo\u0161ne informacije<\/strong><\/p>\n\n\n\n<p>KESO 8000 \u03a9<sup>2<\/sup> cilindri veljajo za najvarnej\u0161e cilindre na svetu. Izdelki izpolnjujejo stroge VdS normative in so certificirani v skladu z EN 1303. Cilindre odlikuje visoka za\u0161\u010dita proti kopiranju klju\u010dev.<\/p>\n<\/div>\n\n\n\n<div class=\"wp-block-column is-layout-flow wp-block-column-is-layout-flow\">\n<figure class=\"wp-block-image size-large\"><img decoding=\"async\" width=\"360\" height=\"360\" src=\"https:\/\/kljuci-cena.si\/kljuci\/wp-content\/uploads\/2021\/01\/keso-8000-s-tehnicne-lastnosti-1.jpg\" alt=\"\" class=\"wp-image-353\" srcset=\"https:\/\/kljuci-cena.si\/kljuci\/wp-content\/uploads\/2021\/01\/keso-8000-s-tehnicne-lastnosti-1.jpg 360w, https:\/\/kljuci-cena.si\/kljuci\/wp-content\/uploads\/2021\/01\/keso-8000-s-tehnicne-lastnosti-1-300x300.jpg 300w, https:\/\/kljuci-cena.si\/kljuci\/wp-content\/uploads\/2021\/01\/keso-8000-s-tehnicne-lastnosti-1-150x150.jpg 150w, https:\/\/kljuci-cena.si\/kljuci\/wp-content\/uploads\/2021\/01\/keso-8000-s-tehnicne-lastnosti-1-24x24.jpg 24w, https:\/\/kljuci-cena.si\/kljuci\/wp-content\/uploads\/2021\/01\/keso-8000-s-tehnicne-lastnosti-1-36x36.jpg 36w, https:\/\/kljuci-cena.si\/kljuci\/wp-content\/uploads\/2021\/01\/keso-8000-s-tehnicne-lastnosti-1-48x48.jpg 48w\" sizes=\"(max-width: 360px) 100vw, 360px\" \/><\/figure>\n\n\n\n<p><strong>Tehni\u010dne lastnosti<\/strong><\/p>\n\n\n\n<ul class=\"wp-block-list\"><li>5-letni garancijski rok<\/li><li>Aktivna varnostna za\u0161\u010dita<\/li><li>Modularna zgradba<\/li><li>Sistem generalnega klju\u010da<\/li><li>Sistem na enotni klju\u010d<\/li><li>Predelava sistema ob izgubi klju\u010dev<\/li><li>Za\u0161\u010dita proti vrtanju, izzvleku in lomljenju cilindrov, &#8230;<\/li><\/ul>\n<\/div>\n\n\n\n<div class=\"wp-block-column is-layout-flow wp-block-column-is-layout-flow\">\n<figure class=\"wp-block-image size-large\"><img decoding=\"async\" width=\"360\" height=\"360\" src=\"https:\/\/kljuci-cena.si\/kljuci\/wp-content\/uploads\/2021\/01\/keso-8000-s-izdelki.jpg\" alt=\"\" class=\"wp-image-352\" srcset=\"https:\/\/kljuci-cena.si\/kljuci\/wp-content\/uploads\/2021\/01\/keso-8000-s-izdelki.jpg 360w, https:\/\/kljuci-cena.si\/kljuci\/wp-content\/uploads\/2021\/01\/keso-8000-s-izdelki-300x300.jpg 300w, https:\/\/kljuci-cena.si\/kljuci\/wp-content\/uploads\/2021\/01\/keso-8000-s-izdelki-150x150.jpg 150w, https:\/\/kljuci-cena.si\/kljuci\/wp-content\/uploads\/2021\/01\/keso-8000-s-izdelki-24x24.jpg 24w, https:\/\/kljuci-cena.si\/kljuci\/wp-content\/uploads\/2021\/01\/keso-8000-s-izdelki-36x36.jpg 36w, https:\/\/kljuci-cena.si\/kljuci\/wp-content\/uploads\/2021\/01\/keso-8000-s-izdelki-48x48.jpg 48w\" sizes=\"(max-width: 360px) 100vw, 360px\" \/><\/figure>\n\n\n\n<p><strong>Izdelki<\/strong><\/p>\n\n\n\n<p>Med \u0161iroko paleto izdelkov ponujamo ve\u010d razli\u010dnih cilindri\u010dnih vlo\u017ekov.<\/p>\n\n\n\n<ul class=\"wp-block-list\"><li>dvojni cilindri\u010dni vlo\u017eek<\/li><li>dvojni cilindri\u010dni vlo\u017eek z gumbom<\/li><li>cilinder za po\u0161tni nabiralnik<\/li><li>obe\u0161anka, &#8230;<\/li><\/ul>\n<\/div>\n<\/div>\n\n\n\n<figure class=\"wp-block-embed is-type-video is-provider-youtube wp-block-embed-youtube wp-embed-aspect-16-9 wp-has-aspect-ratio\"><div class=\"wp-block-embed__wrapper\">\n<iframe title=\"KESO 8000\u21262 - Euro profil cylinder\" width=\"843\" height=\"474\" src=\"https:\/\/www.youtube.com\/embed\/VAHD0kl3h10?feature=oembed\" frameborder=\"0\" allow=\"accelerometer; autoplay; clipboard-write; encrypted-media; gyroscope; picture-in-picture\" allowfullscreen><\/iframe>\n<\/div><\/figure>\n","protected":false},"excerpt":{"rendered":"<p>KESO Mehanski sistemi zaklepanja KESO 8000S\u03a92 Kot \u0161vicarska ura je KESO 8000 \u03a92 cilinder izdelan kar najbolj natan\u010dno in kakovostno. Na ta na\u010din zagotavlja najvi\u0161jo&hellip;<\/p>\n","protected":false},"author":1,"featured_media":359,"parent":0,"menu_order":0,"comment_status":"closed","ping_status":"closed","template":"","meta":{"footnotes":""},"class_list":["post-341","page","type-page","status-publish","has-post-thumbnail","hentry"],"_links":{"self":[{"href":"https:\/\/kljuci-cena.si\/kljuci\/wp-json\/wp\/v2\/pages\/341","targetHints":{"allow":["GET"]}}],"collection":[{"href":"https:\/\/kljuci-cena.si\/kljuci\/wp-json\/wp\/v2\/pages"}],"about":[{"href":"https:\/\/kljuci-cena.si\/kljuci\/wp-json\/wp\/v2\/types\/page"}],"author":[{"embeddable":true,"href":"https:\/\/kljuci-cena.si\/kljuci\/wp-json\/wp\/v2\/users\/1"}],"replies":[{"embeddable":true,"href":"https:\/\/kljuci-cena.si\/kljuci\/wp-json\/wp\/v2\/comments?post=341"}],"version-history":[{"count":5,"href":"https:\/\/kljuci-cena.si\/kljuci\/wp-json\/wp\/v2\/pages\/341\/revisions"}],"predecessor-version":[{"id":362,"href":"https:\/\/kljuci-cena.si\/kljuci\/wp-json\/wp\/v2\/pages\/341\/revisions\/362"}],"wp:featuredmedia":[{"embeddable":true,"href":"https:\/\/kljuci-cena.si\/kljuci\/wp-json\/wp\/v2\/media\/359"}],"wp:attachment":[{"href":"https:\/\/kljuci-cena.si\/kljuci\/wp-json\/wp\/v2\/media?parent=341"}],"curies":[{"name":"wp","href":"https:\/\/api.w.org\/{rel}","templated":true}]}}