{"id":58,"date":"2021-01-04T13:35:10","date_gmt":"2021-01-04T12:35:10","guid":{"rendered":"https:\/\/kljuci-cena.si\/kljuci\/?page_id=58"},"modified":"2021-01-08T15:36:29","modified_gmt":"2021-01-08T14:36:29","slug":"za-dom","status":"publish","type":"page","link":"https:\/\/kljuci-cena.si\/kljuci\/za-dom\/","title":{"rendered":"Za dom"},"content":{"rendered":"\n<h2 class=\"wp-block-heading\"><a href=\"https:\/\/kljuci-cena.si\/kljuci\/izdelava-kljucev\/\" data-type=\"page\" data-id=\"35\">Izdelovanje klju\u010dev<\/a><\/h2>\n\n\n\n<h2 class=\"wp-block-heading\"><a href=\"https:\/\/kljuci-cena.si\/kljuci\/sistemi-generalnega-kljuca-sistemi-psm\/\" data-type=\"page\" data-id=\"302\">Sistemi generalnega klju\u010da &#8211; Sistem PSM<\/a><\/h2>\n\n\n\n<h2 class=\"wp-block-heading\"><a href=\"https:\/\/kljuci-cena.si\/kljuci\/za-dom\/pametne-kljucavnice-aries-smart\/\" data-type=\"page\" data-id=\"333\">Pametne klju\u010davnice Aries SMART<\/a><\/h2>\n\n\n\n<h2 class=\"wp-block-heading\"><a href=\"https:\/\/kljuci-cena.si\/kljuci\/univerzalni-daljinci\/\" data-type=\"page\" data-id=\"71\">Univerzalni daljinci<\/a><\/h2>\n\n\n\n<h2 class=\"wp-block-heading\"><a href=\"https:\/\/kljuci-cena.si\/kljuci\/keso-mehanski-sistemi-zaklepanja\/\" data-type=\"page\" data-id=\"341\">KESO Mehanski sistemi zaklepanja<\/a><\/h2>\n\n\n\n<h2 class=\"wp-block-heading\"><a href=\"https:\/\/kljuci-cena.si\/kljuci\/keso-elektronski-sistem-zaklepanja-entr-lock\/\" data-type=\"page\" data-id=\"363\">KESO elektronski sistem zaklepanja ENTR LOCK<\/a><\/h2>\n\n\n\n<p><\/p>\n","protected":false},"excerpt":{"rendered":"<p>Izdelovanje klju\u010dev Sistemi generalnega klju\u010da &#8211; Sistem PSM Pametne klju\u010davnice Aries SMART Univerzalni daljinci KESO Mehanski sistemi zaklepanja KESO elektronski sistem zaklepanja ENTR LOCK<\/p>\n","protected":false},"author":1,"featured_media":59,"parent":0,"menu_order":0,"comment_status":"closed","ping_status":"closed","template":"","meta":{"footnotes":""},"class_list":["post-58","page","type-page","status-publish","has-post-thumbnail","hentry"],"_links":{"self":[{"href":"https:\/\/kljuci-cena.si\/kljuci\/wp-json\/wp\/v2\/pages\/58","targetHints":{"allow":["GET"]}}],"collection":[{"href":"https:\/\/kljuci-cena.si\/kljuci\/wp-json\/wp\/v2\/pages"}],"about":[{"href":"https:\/\/kljuci-cena.si\/kljuci\/wp-json\/wp\/v2\/types\/page"}],"author":[{"embeddable":true,"href":"https:\/\/kljuci-cena.si\/kljuci\/wp-json\/wp\/v2\/users\/1"}],"replies":[{"embeddable":true,"href":"https:\/\/kljuci-cena.si\/kljuci\/wp-json\/wp\/v2\/comments?post=58"}],"version-history":[{"count":6,"href":"https:\/\/kljuci-cena.si\/kljuci\/wp-json\/wp\/v2\/pages\/58\/revisions"}],"predecessor-version":[{"id":372,"href":"https:\/\/kljuci-cena.si\/kljuci\/wp-json\/wp\/v2\/pages\/58\/revisions\/372"}],"wp:featuredmedia":[{"embeddable":true,"href":"https:\/\/kljuci-cena.si\/kljuci\/wp-json\/wp\/v2\/media\/59"}],"wp:attachment":[{"href":"https:\/\/kljuci-cena.si\/kljuci\/wp-json\/wp\/v2\/media?parent=58"}],"curies":[{"name":"wp","href":"https:\/\/api.w.org\/{rel}","templated":true}]}}